[INFO] cloning repository https://github.com/kingsleyfrancis/rustgame
[INFO] running `Command { std: "git" "-c" "credential.helper=" "-c" "credential.helper=/workspace/cargo-home/bin/git-credential-null" "clone" "--bare" "https://github.com/kingsleyfrancis/rustgame" "/workspace/cache/git-repos/https%3A%2F%2Fgithub.com%2Fkingsleyfrancis%2Frustgame", kill_on_drop: false }`
[INFO] [stderr] Cloning into bare repository '/workspace/cache/git-repos/https%3A%2F%2Fgithub.com%2Fkingsleyfrancis%2Frustgame'...
[INFO] running `Command { std: "git" "rev-parse" "HEAD", kill_on_drop: false }`
[INFO] [stdout] 122ef755f421fed314244843cc1ab673d8ae3d25
[INFO] checking kingsleyfrancis/rustgame against master#af3c6e733a40e671550e0f0f5aeecaa13772ba56 for pr-74989
[INFO] running `Command { std: "git" "clone" "/workspace/cache/git-repos/https%3A%2F%2Fgithub.com%2Fkingsleyfrancis%2Frustgame" "/workspace/builds/worker-3/source", kill_on_drop: false }`
[INFO] [stderr] Cloning into '/workspace/builds/worker-3/source'...
[INFO] [stderr] done.
[INFO] validating manifest of git repo https://github.com/kingsleyfrancis/rustgame on toolchain af3c6e733a40e671550e0f0f5aeecaa13772ba56
[INFO] running `Command { std: "/workspace/cargo-home/bin/cargo" "+af3c6e733a40e671550e0f0f5aeecaa13772ba56" "read-manifest" "--manifest-path" "Cargo.toml", kill_on_drop: false }`
[INFO] started tweaking git repo https://github.com/kingsleyfrancis/rustgame
[INFO] finished tweaking git repo https://github.com/kingsleyfrancis/rustgame
[INFO] tweaked toml for git repo https://github.com/kingsleyfrancis/rustgame written to /workspace/builds/worker-3/source/Cargo.toml
[INFO] crate git repo https://github.com/kingsleyfrancis/rustgame already has a lockfile, it will not be regenerated
[INFO] running `Command { std: "/workspace/cargo-home/bin/cargo" "+af3c6e733a40e671550e0f0f5aeecaa13772ba56" "fetch" "--locked" "--manifest-path" "Cargo.toml", kill_on_drop: false }`
[INFO] [stderr]     Blocking waiting for file lock on package cache
[INFO] running `Command { std: "docker" "create" "-v" "/var/lib/crater-agent-workspace/builds/worker-3/target:/opt/rustwide/target:rw,Z" "-v" "/var/lib/crater-agent-workspace/builds/worker-3/source:/opt/rustwide/workdir:ro,Z" "-v" "/var/lib/crater-agent-workspace/cargo-home:/opt/rustwide/cargo-home:ro,Z" "-v" "/var/lib/crater-agent-workspace/rustup-home:/opt/rustwide/rustup-home:ro,Z" "-e" "SOURCE_DIR=/opt/rustwide/workdir" "-e" "CARGO_TARGET_DIR=/opt/rustwide/target" "-e" "CARGO_HOME=/opt/rustwide/cargo-home" "-e" "RUSTUP_HOME=/opt/rustwide/rustup-home" "-w" "/opt/rustwide/workdir" "-m" "1610612736" "--user" "0:0" "--network" "none" "rustops/crates-build-env@sha256:d92eaeed33fa75130ca1ee6c8a01d1ffb62bac859dfdfb3450e3e5d1c0146529" "/opt/rustwide/cargo-home/bin/cargo" "+af3c6e733a40e671550e0f0f5aeecaa13772ba56" "metadata" "--no-deps" "--format-version=1", kill_on_drop: false }`
[INFO] [stderr] WARNING: Your kernel does not support swap limit capabilities or the cgroup is not mounted. Memory limited without swap.
[INFO] [stdout] 7a88301e335d5468895daf220fb261ec81758893d469c328e5339a55cde2c774
[INFO] running `Command { std: "docker" "start" "-a" "7a88301e335d5468895daf220fb261ec81758893d469c328e5339a55cde2c774", kill_on_drop: false }`
[INFO] running `Command { std: "docker" "inspect" "7a88301e335d5468895daf220fb261ec81758893d469c328e5339a55cde2c774", kill_on_drop: false }`
[INFO] running `Command { std: "docker" "rm" "-f" "7a88301e335d5468895daf220fb261ec81758893d469c328e5339a55cde2c774", kill_on_drop: false }`
[INFO] [stdout] 7a88301e335d5468895daf220fb261ec81758893d469c328e5339a55cde2c774
[INFO] running `Command { std: "docker" "create" "-v" "/var/lib/crater-agent-workspace/builds/worker-3/target:/opt/rustwide/target:rw,Z" "-v" "/var/lib/crater-agent-workspace/builds/worker-3/source:/opt/rustwide/workdir:ro,Z" "-v" "/var/lib/crater-agent-workspace/cargo-home:/opt/rustwide/cargo-home:ro,Z" "-v" "/var/lib/crater-agent-workspace/rustup-home:/opt/rustwide/rustup-home:ro,Z" "-e" "SOURCE_DIR=/opt/rustwide/workdir" "-e" "CARGO_TARGET_DIR=/opt/rustwide/target" "-e" "CARGO_INCREMENTAL=0" "-e" "RUST_BACKTRACE=full" "-e" "RUSTFLAGS=--cap-lints=forbid" "-e" "CARGO_HOME=/opt/rustwide/cargo-home" "-e" "RUSTUP_HOME=/opt/rustwide/rustup-home" "-w" "/opt/rustwide/workdir" "-m" "1610612736" "--user" "0:0" "--network" "none" "rustops/crates-build-env@sha256:d92eaeed33fa75130ca1ee6c8a01d1ffb62bac859dfdfb3450e3e5d1c0146529" "/opt/rustwide/cargo-home/bin/cargo" "+af3c6e733a40e671550e0f0f5aeecaa13772ba56" "check" "--frozen" "--all" "--all-targets" "--message-format=json", kill_on_drop: false }`
[INFO] [stdout] bb0f8b69ea563e90da394830f77bacf8347e4412b86a7bf573648921c21621a5
[INFO] [stderr] WARNING: Your kernel does not support swap limit capabilities or the cgroup is not mounted. Memory limited without swap.
[INFO] running `Command { std: "docker" "start" "-a" "bb0f8b69ea563e90da394830f77bacf8347e4412b86a7bf573648921c21621a5", kill_on_drop: false }`
[INFO] [stderr]    Compiling autocfg v1.0.0
[INFO] [stderr]    Compiling libc v0.2.71
[INFO] [stderr]     Checking cfg-if v0.1.10
[INFO] [stderr]     Checking lazy_static v1.4.0
[INFO] [stderr]    Compiling log v0.4.8
[INFO] [stderr]    Compiling byteorder v1.3.4
[INFO] [stderr]    Compiling proc-macro2 v0.4.30
[INFO] [stderr]    Compiling bitflags v1.2.1
[INFO] [stderr]    Compiling unicode-xid v0.1.0
[INFO] [stderr]    Compiling semver-parser v0.7.0
[INFO] [stderr]     Checking slab v0.4.2
[INFO] [stderr]    Compiling getrandom v0.1.14
[INFO] [stderr]    Compiling pkg-config v0.3.17
[INFO] [stderr]    Compiling wide v0.4.6
[INFO] [stderr]     Checking downcast-rs v1.1.1
[INFO] [stderr]    Compiling cc v1.0.54
[INFO] [stderr]    Compiling rayon-core v1.7.0
[INFO] [stderr]     Checking regex-syntax v0.6.18
[INFO] [stderr]     Checking percent-encoding v2.1.0
[INFO] [stderr]     Checking instant v0.1.4
[INFO] [stderr]    Compiling proc-macro2 v1.0.18
[INFO] [stderr]    Compiling unicode-xid v0.2.0
[INFO] [stderr]     Checking ahash v0.3.5
[INFO] [stderr]    Compiling syn v1.0.30
[INFO] [stderr]     Checking inflate v0.4.5
[INFO] [stderr]     Checking thread_local v1.0.1
[INFO] [stderr]    Compiling nom v5.1.1
[INFO] [stderr]    Compiling semver v0.9.0
[INFO] [stderr]     Checking crc32fast v1.2.0
[INFO] [stderr]     Checking wayland-sys v0.23.6
[INFO] [stderr]    Compiling num-traits v0.2.11
[INFO] [stderr]    Compiling crossbeam-utils v0.7.2
[INFO] [stderr]    Compiling memoffset v0.5.4
[INFO] [stderr]    Compiling crossbeam-epoch v0.8.2
[INFO] [stderr]    Compiling num-integer v0.1.42
[INFO] [stderr]    Compiling num-rational v0.2.4
[INFO] [stderr]    Compiling num-iter v0.1.40
[INFO] [stderr]    Compiling hashbrown v0.7.2
[INFO] [stderr]    Compiling gl_generator v0.13.1
[INFO] [stderr]    Compiling rustc_version v0.2.3
[INFO] [stderr]    Compiling x11-dl v2.18.5
[INFO] [stderr]     Checking iovec v0.1.4
[INFO] [stderr]     Checking net2 v0.2.34
[INFO] [stderr]     Checking nix v0.14.1
[INFO] [stderr]     Checking parking_lot_core v0.7.2
[INFO] [stderr]     Checking memmap v0.7.0
[INFO] [stderr]     Checking shared_library v0.1.9
[INFO] [stderr]     Checking num_cpus v1.13.0
[INFO] [stderr]     Checking raw-window-handle v0.3.3
[INFO] [stderr]     Checking flate2 v1.0.14
[INFO] [stderr]     Checking ultraviolet v0.4.6
[INFO] [stderr]    Compiling quote v0.6.13
[INFO] [stderr]     Checking stb_truetype v0.3.1
[INFO] [stderr]     Checking deflate v0.8.4
[INFO] [stderr]     Checking jpeg-decoder v0.1.19
[INFO] [stderr]     Checking mio v0.6.22
[INFO] [stderr]     Checking rand_core v0.5.1
[INFO] [stderr]     Checking osmesa-sys v0.1.2
[INFO] [stderr]    Compiling parking_lot_core v0.6.2
[INFO] [stderr]    Compiling parking_lot v0.9.0
[INFO] [stderr]     Checking parking_lot v0.10.2
[INFO] [stderr]    Compiling quote v1.0.6
[INFO] [stderr]    Compiling wayland-scanner v0.23.6
[INFO] [stderr]     Checking crossbeam-queue v0.2.2
[INFO] [stderr]     Checking crossbeam-channel v0.4.2
[INFO] [stderr]    Compiling libloading v0.5.2
[INFO] [stderr]     Checking rand_chacha v0.2.2
[INFO] [stderr]     Checking rand_xorshift v0.2.0
[INFO] [stderr]     Checking png v0.16.4
[INFO] [stderr]     Checking approx v0.3.2
[INFO] [stderr]     Checking ordered-float v1.0.2
[INFO] [stderr]     Checking line_drawing v0.7.0
[INFO] [stderr]     Checking bracket-color v0.8.1
[INFO] [stderr]     Checking regex v1.3.9
[INFO] [stderr]     Checking crossbeam-deque v0.7.3
[INFO] [stderr]     Checking rand v0.7.3
[INFO] [stderr]     Checking bracket-geometry v0.8.1
[INFO] [stderr]     Checking rusttype v0.8.3
[INFO] [stderr]    Compiling glutin_egl_sys v0.1.4
[INFO] [stderr]    Compiling glutin_glx_sys v0.1.6
[INFO] [stderr]    Compiling glow v0.4.0
[INFO] [stderr]     Checking mio-extras v2.0.6
[INFO] [stderr]     Checking bracket-algorithm-traits v0.8.1
[INFO] [stderr]     Checking crossbeam v0.7.3
[INFO] [stderr]     Checking tynm v0.1.4
[INFO] [stderr]     Checking bracket-pathfinding v0.8.1
[INFO] [stderr]     Checking rusttype v0.7.9
[INFO] [stderr]     Checking image v0.23.4
[INFO] [stderr]     Checking andrew v0.2.1
[INFO] [stderr]     Checking object-pool v0.4.4
[INFO] [stderr]     Checking rayon v1.3.0
[INFO] [stderr]     Checking bracket-random v0.8.0
[INFO] [stderr]     Checking bracket-noise v0.8.1
[INFO] [stderr]    Compiling wayland-client v0.23.6
[INFO] [stderr]    Compiling wayland-protocols v0.23.6
[INFO] [stderr]     Checking wayland-commons v0.23.6
[INFO] [stderr]     Checking calloop v0.4.4
[INFO] [stderr]     Checking shred v0.10.2
[INFO] [stderr]     Checking hibitset v0.6.3
[INFO] [stderr]     Checking specs v0.16.1
[INFO] [stderr]    Compiling specs-derive v0.4.1
[INFO] [stderr]     Checking smithay-client-toolkit v0.6.6
[INFO] [stderr]     Checking winit v0.22.2
[INFO] [stderr]     Checking glutin v0.24.1
[INFO] [stderr]     Checking bracket-terminal v0.8.1
[INFO] [stderr]     Checking bracket-lib v0.8.1
[INFO] [stderr]     Checking rltk v0.8.1
[INFO] [stderr]     Checking rustgame v0.1.0 (/opt/rustwide/workdir)
[INFO] [stdout] error[E0432]: unresolved import `super::xy_idx`
[INFO] [stdout]  --> src/player.rs:3:41
[INFO] [stdout]   |
[INFO] [stdout] 3 | use super::{Position, Player, TileType, xy_idx, State};
[INFO] [stdout]   |                                         ^^^^^^ no `xy_idx` in the root
[INFO] [stdout] 
[INFO] [stdout] 
[INFO] [stdout] error[E0432]: unresolved import `super::xy_idx`
[INFO] [stdout]  --> src/player.rs:3:41
[INFO] [stdout]   |
[INFO] [stdout] 3 | use super::{Position, Player, TileType, xy_idx, State};
[INFO] [stdout]   |                                         ^^^^^^ no `xy_idx` in the root
[INFO] [stdout] 
[INFO] [stdout] 
[INFO] [stdout] error[E0405]: cannot find trait `BaseMap` in this scope
[INFO] [stdout]   --> src/map.rs:27:6
[INFO] [stdout]    |
[INFO] [stdout] 27 | impl BaseMap for Map{
[INFO] [stdout]    |      ^^^^^^^ not found in this scope
[INFO] [stdout]    |
[INFO] [stdout] help: consider importing this trait
[INFO] [stdout]    |
[INFO] [stdout] 1  | use rltk::BaseMap;
[INFO] [stdout]    |
[INFO] [stdout] 
[INFO] [stdout] 
[INFO] [stdout] error[E0405]: cannot find trait `BaseMap` in this scope
[INFO] [stdout]   --> src/map.rs:27:6
[INFO] [stdout]    |
[INFO] [stdout] 27 | impl BaseMap for Map{
[INFO] [stdout]    |      ^^^^^^^ not found in this scope
[INFO] [stdout]    |
[INFO] [stdout] help: consider importing this trait
[INFO] [stdout]    |
[INFO] [stdout] 1  | use rltk::BaseMap;
[INFO] [stdout]    |
[INFO] [stdout] 
[INFO] [stdout] 
[INFO] [stdout] error: aborting due to 2 previous errors
[INFO] [stdout] 
[INFO] [stdout] 
[INFO] [stdout] Some errors have detailed explanations: E0405, E0432.
[INFO] [stdout] 
[INFO] [stdout] For more information about an error, try `rustc --explain E0405`.
[INFO] [stdout] 
[INFO] [stdout] error: aborting due to 2 previous errors
[INFO] [stdout] 
[INFO] [stdout] 
[INFO] [stdout] Some errors have detailed explanations: E0405, E0432.
[INFO] [stdout] 
[INFO] [stdout] For more information about an error, try `rustc --explain E0405`.
[INFO] [stdout] 
[INFO] [stderr] error: could not compile `rustgame`.
[INFO] [stderr] 
[INFO] [stderr] To learn more, run the command again with --verbose.
[INFO] [stderr] warning: build failed, waiting for other jobs to finish...
[INFO] [stderr] error: build failed
[INFO] running `Command { std: "docker" "inspect" "bb0f8b69ea563e90da394830f77bacf8347e4412b86a7bf573648921c21621a5", kill_on_drop: false }`
[INFO] running `Command { std: "docker" "rm" "-f" "bb0f8b69ea563e90da394830f77bacf8347e4412b86a7bf573648921c21621a5", kill_on_drop: false }`
[INFO] [stdout] bb0f8b69ea563e90da394830f77bacf8347e4412b86a7bf573648921c21621a5
